the units digit of (910 + (-5 - -1) - -1)*8?
6
Suppose -5*h - 249 = -809. Suppose -y + 403 = 3*y - 5*m, y + m = h. Suppose -y = -5*l + 4*l. What is the hundreds digit of l?
1
Suppose -95 - 95 = -19*l. Suppose -l*m + 172 = -798. What is the tens digit of m?
9
Suppose -2*r = -5*y + 48, r - 3*y + 21 = -2*y. Suppose 4*w - 9*v = -10*v + 144, v = w - 36. Let k = w - r. What is the units digit of k?
5
Suppose -5*z + 45106 - 6750 = h, 0 = -5*z + 3*h + 38352. Suppose 0 = -11*a + 4638 + z. What is the units digit of a?
9
Let r(i) = 9016*i - 897. What is the units digit of r(3)?
1
Suppose 13*t + 18365 = -19777. Let k = -1800 - t. What is the hundreds digit of k?
1
Suppose 2*g - 3*w = 7684, -10*g - 3*w = -6*g - 15368. Let d = g - 2722. What is the thousands digit of d?
1
Let g = 114 - 109. What is the units digit of (-1 - -2)/(g/3265)?
3
Suppose 4*y - 14 + 14 = 0. Suppose 8*n - 3*n + 115 = -2*b, y = b - 5*n + 95. What is the tens digit of b*(1 - (-1)/(-1) - 2)?
4
Let i = -6080 - -9781. What is the tens digit of i?
0
Let c(b) = -36*b - 103. Let g be c(-3). Suppose -4*j + 4643 = g*w, -17*w = -12*w + 2*j - 4639. What is the tens digit of w?
2
Let u(y) = 5*y + 5. Let v(k) = k**3 - 4*k**2 + 3*k - 1. Let c be v(3). Let o be u(c). Suppose o = -23*h + 28*h - 325. What is the units digit of h?
5
Let a = 1237 - -22. Suppose -7*u + 3331 = a. What is the units digit of u?
6
Suppose 4*w - 14 = 34. Let m(b) = -73*b**3 - 12*b + 12*b + 74*b**3 - 21 + 19*b - 13*b**2. What is the tens digit of m(w)?
6
Suppose u + 5*y - 1630 = 0, 20*u = 15*u + 3*y + 8038. What is the units digit of u?
0
Let s = 7 + 265. Let u = s - 113. What is the tens digit of u?
5
Let u(t) = -9*t + 30. Let x(l) = 2*l**2 - 11*l - 31. Let m(q) = -2*q**3 - 3*q**2 - 2*q - 1. Let d be m(-2). Let w be x(d). What is the tens digit of u(w)?
2
Let s be 4/10*-1*5/(-2). Let k be 43 + s*(4 + -4). Suppose -7*a + 3*a - i + 138 = 0, -a + 4*i + k = 0. What is the units digit of a?
5
Let y be 2 + 3/(-1) + 1. Let d be (-4)/4 + y + 76. Suppose -u + d - 7 = 0. What is the tens digit of u?
6
Suppose 0 = -r - 2*v + 9280, -2*r + 3*v = -17999 - 582. What is the tens digit of r?
8
Suppose 0*o + o - 4*f - 30 = 0, 2*o - 25 = f. Suppose -5*y + 5614 = -c, 15*y - o*y - 5618 = 2*c. What is the thousands digit of y?
1
Suppose 104254 - 20143 = 53*y. What is the tens digit of y?
8
Let b = 68 - 66. Suppose b*l = -0*l + 370. What is the tens digit of l?
8
Let c be (0 - 18)/((-12)/30). Suppose o - c = -4*o. What is the units digit of o/6 - (-3)/6?
2
Suppose 2*t - 61*w - 361 = -56*w, 2*t = 3*w + 371. What is the hundreds digit of t?
1
Suppose 4*p - 245 = 5*a - 78, 4*p = 4*a + 132. Let x = a - -43. Suppose 5*w + 21 = x*w. What is the units digit of w?
7
Suppose 648*l - 17675077 - 31312091 = 40*l. What is the hundreds digit of l?
5
Suppose -3*s + 5*a + 14853 = 1305, -2*s + 9019 = a. What is the units digit of s?
1
Let i be (1 - 1518/(-24))*8. Let m = i + -397. What is the units digit of m?
7
Let b = 17 - -29. Let u(h) = -2*h + 69. Let i be u(5). Let c = b + i. What is the hundreds digit of c?
1
Let o be ((-484)/(-16))/11 - 9/12. Suppose -4*a = -o*u - 614, -7*u = 4*a - 2*u - 621. What is the hundreds digit of a?
1
Let l be (-1 + 0)*(-10 + 1). Let p = 7 - l. What is the units digit of p + (209 + 3)/2?
4
Suppose 0 = -2*k + 2*q + q - 31, -20 = -4*q. What is the units digit of 4/8 - 2084/k - -5?
6
Let f(k) = 7*k - 11. Let t be (-1)/3*84/(-7). Let p be f(t). What is the units digit of p + (-2 - (3 + -3))?
5
Let m(h) = 8*h**3 + 2*h - 8. Let n be m(2). Let j = n - 60. Suppose -2*q + 2*d + 0*d = -332, q - 2*d - 167 = j. What is the tens digit of q?
6
Suppose -104 = -264*i + 263*i. Let h = 874 - i. What is the units digit of h?
0
Let c = 2492 - -5334. What is the hundreds digit of c?
8
Suppose 24*n - 19*n - 61499 = -3*s, 0 = n + 2. Suppose -11*w + s = 18*w. What is the hundreds digit of w?
7
Suppose 12*c - 19*c + 14 = 0. Let g be (c/((-56)/(-92)) + -3)*7. What is the units digit of (4/g + -3)*-8?
8
Let p be (2472/9 - 7)*-3. Let x = p + 1959. What is the units digit of x?
6
Let o(d) = 89*d + 17. Let z be o(-1). What is the tens digit of (-675)/1*z/120?
0
Let g(c) be the first derivative of 10*c**4 - c**3/3 + 3*c**2 - 13*c - 52. What is the units digit of g(2)?
5
Let u(h) = -31*h + 265. Let l be u(9). What is the tens digit of (-4)/l - 1438/(-28)*2?
0
Let t(q) be the first derivative of -q**3/3 - 2*q**2 + 7*q + 2. Let w be ((5 + -6)*-1 - -1) + -6. What is the units digit of t(w)?
7
Let j = 264 + -276. What is the tens digit of (-13566)/(-18) + (56/j - -4)?
5
Suppose 0 = 5*l + 5, 3*c + 0*c - l - 874 = 0. Suppose -c + 6 = -5*o. Let x = 58 - o. What is the units digit of x?
1
Suppose -37*y = -267864 - 146565 - 254235. What is the ten thousands digit of y?
1
Let v(i) = 2*i**2 + 18*i + 29. Let p be v(-17). Suppose 0 = 9*h - 1769 - p. What is the tens digit of h?
3
Let l(h) be the second derivative of -6*h**3 + 21*h**2/2 - h. Let t = 1290 - 1296. What is the tens digit of l(t)?
3
Let y be 36/(-81)*18/(-4). Suppose y*w = -2*w. Suppose -128 = -4*a + 2*c, -a - 5*c + 3*c + 37 = w. What is the tens digit of a?
3
Suppose 68409 = 2*g + 114*i - 119*i, i = -5. What is the hundreds digit of g?
1
Let k(a) = 3*a - 19. Let i be k(6). Let v be 237*1*i*(-7)/21. Suppose 0 = 2*z - v - 67. What is the tens digit of z?
7
Let l(w) = -6*w - 15. Let v be l(-4). Suppose -15 = -v*j + 4*j. What is the units digit of 466/8 + 0 + j/4?
9
Suppose -2*r = -88109 + 5353. What is the thousands digit of r?
1
Suppose 11*u + 75 = -266. Let s(t) = t**3 + 30*t**2 - 38*t + 72. What is the units digit of s(u)?
9
Let d(n) = -n**2 - 4*n + 9. Let j be d(5). Let l be j/9*2/(-2). Suppose l*q - 32 = -4*g + 16, 3*q - 52 = -4*g. What is the tens digit of g?
1
Suppose -4*x - 2466 = -6*x + 3*u, -x + 5*u = -1247. What is the thousands digit of x?
1
Let m(a) = 3*a**2 - 13*a + 7. Let q be m(15). Let l = q + -189. Let v = -104 + l. What is the hundreds digit of v?
1
Suppose 19 = 3*i + 4. Suppose -5*p - 3*q + 95 = -7*q, 44 = 3*p - i*q. Suppose 3*u - 53 = -t - 3*t, -p = -2*t - 5*u. What is the units digit of t?
4
Let o(l) = -53*l**3 - 2*l**2 + 4*l + 9. Suppose -562 = -d - 564. What is the hundreds digit of o(d)?
4
Suppose -31*l = 3*l - 115260. What is the hundreds digit of l?
3
Suppose -52*m = -40*m + 3240. Let b = m + 391. What is the tens digit of b?
2
Let c = 16892 - 7033. What is the thousands digit of c?
9
Suppose -t + 5*f = t - 9, f = 3*t + 19. Let x be 2/((t/(-1398))/2). What is the tens digit of x/9 + 4/12?
7
Let i = 70 - 68. Let m(t) = 21*t**2 + 6*t - 13. Let h be m(i). Suppose -924 = -h*g + 79*g. What is the hundreds digit of g?
2
Let f(r) = 59*r**2 + 75*r + 12. What is the hundreds digit of f(-10)?
1
Let g(z) = 44*z + 180. Let q be g(-12). Let o = q + 1153. What is the units digit of o?
5
Let o be (-18)/30 + 15/25. Suppose 986 = 6*c - 5*c - 2*g, c - 4*g - 990 = o. What is the hundreds digit of c?
9
Let k(g) = -137*g - 129. Let q(w) = -11*w + 149. Let i be q(14). What is the tens digit of k(i)?
5
Let i(v) = 923*v - 3742. What is the units digit of i(86)?
6
Let c(l) be the first derivative of 3*l**4/4 + l**3/3 + l**2 - 11*l - 34. Let g be c(4). Let d = 301 - g. What is the units digit of d?
6
Let h(c) = 18*c**3 + 3*c**2 + c - 3. Let n be h(1). What is the tens digit of ((-10186)/n)/(-1) + 16/(-152)?
3
Let p = -71 - -93. Let q(g) = 2*g - 44. Let k be q(p). Suppose k = 7*i - 12*i + 1215. What is the tens digit of i?
4
Suppose -39*k + 50 = -34*k. Let v be ((-48)/(-60))/(0 - (-2)/k). Suppose -55 = -w + 2*s, -w - 3*w - v*s + 244 = 0. What is the tens digit of w?
5
Suppose -3*q + 156017 = 14*c - 12*c, -3*c - 104020 = -2*q. What is the thousands digit of q?
2
Suppose 83*p = 84*p + 6. Suppose -352 = -4*d - 1896. What is the units digit of 3/p - (0 + d/4)?
6
Let k = -16 - -29. Suppose 0 = k*l + 9 - 61. Suppose -5*p + l*i + 370 = 0, -4*i = -3*p + 247 - 17. What is the tens digit of p?
7
Let o = 9931 + -3520. What is the units digit of o?
1
Let t(l) = l**3 + 6*l**2 - 5*l - 28. Let i be t(-6). Suppose -24 = -6*u + i*u. Suppose u = -2*q, -4*k + 187 + 430 = q. What is the units digit of k?
5
Let m(h) = 3*h**3 - 45*h**2 + h - 12. Let g be m(15). Suppose -g*v = -z - 3032, 9*v - 10*v = z - 1012. What is the units digit